 48571?
8
What is the hundreds digit of 653?
6
What is the tens digit of 14337?
3
What is the hundreds digit of 22357?
3
What is the tens digit of 6010?
1
What is the units digit of 1045?
5
What is the thousands digit of 1348?
1
What is the hundreds digit of 7259?
2
What is the thousands digit of 1150?
1
What is the thousands digit of 168983?
8
What is the thousands digit of 32509?
2
What is the tens digit of 8137?
3
What is the units digit of 42569?
9
What is the tens digit of 3712?
1
What is the hundreds digit of 1631?
6
What is the hundreds digit of 184?
1
What is the tens digit of 368?
6
What is the units digit of 2729?
9
What is the hundreds digit of 8937?
9
What is the tens digit of 7493?
9
What is the units digit of 1439?
9
What is the units digit of 954?
4
What is the units digit of 43421?
1
What is the hundreds digit of 386?
3
What is the hundreds digit of 1067?
0
What is the thousands digit of 6369?
6
What is the units digit of 5573?
3
What is the thousands digit of 10584?
0
What is the tens digit of 9776?
7
What is the tens digit of 13995?
9
What is the tens digit of 3767?
6
What is the tens digit of 41234?
3
What is the hundreds digit of 79508?
5
What is the units digit of 1911?
1
What is the thousands digit of 3510?
3
What is the hundred thousands digit of 103380?
1
What is the tens digit of 9970?
7
What is the units digit of 17745?
5
What is the hundreds digit of 2194?
1
What is the tens digit of 4734?
3
What is the hundreds digit of 854?
8
What is the tens digit of 2147?
4
What is the hundreds digit of 794?
7
What is the ten thousands digit of 46572?
4
What is the hundred thousands digit of 184028?
1
What is the tens digit of 130098?
9
What is the tens digit of 7991?
9
What is the ten thousands digit of 81481?
8
What is the hundreds digit of 1459?
4
What is the thousands digit of 4156?
4
What is the hundreds digit of 558?
5
What is the thousands digit of 5625?
5
What is the hundreds digit of 105945?
9
What is the hundreds digit of 465?
4
What is the units digit of 13020?
0
What is the units digit of 52626?
6
What is the hundreds digit of 8284?
2
What is the ten thousands digit of 36025?
3
What is the tens digit of 71?
7
What is the units digit of 668?
8
What is the tens digit of 598?
9
What is the hundreds digit of 4650?
6
What is the hundreds digit of 11524?
5
What is the hundreds digit of 7758?
7
What is the thousands digit of 1199?
1
What is the hundreds digit of 10522?
5
What is the tens digit of 1957?
5
What is the tens digit of 12939?
3
What is the ten thousands digit of 12552?
1
What is the tens digit of 3597?
9
What is the hundreds digit of 11415?
4
What is the units digit of 25114?
4
What is the thousands digit of 4031?
4
What is the ten thousands digit of 27133?
2
What is the thousands digit of 44934?
4
What is the tens digit of 5283?
8
What is the tens digit of 834?
3
What is the units digit of 7672?
2
What is the tens digit of 116164?
6
What is the hundreds digit of 3141?
1
What is the units digit of 3807?
7
What is the tens digit of 20246?
4
What is the ten thousands digit of 39430?
3
What is the tens digit of 6212?
1
What is the hundred thousands digit of 102334?
1
What is the hundreds digit of 11233?
2
What is the tens digit of 3853?
5
What is the hundreds digit of 73947?
9
What is the hundreds digit of 1003?
0
What is the ten thousands digit of 22836?
2
What is the units digit of 136?
6
What is the hundreds digit of 1040?
0
What is the units digit of 15177?
7
What is the tens digit of 1750?
5
What is the thousands digit of 6587?
6
What is the tens digit of 28831?
3
What is the ten thousands digit of 26639?
2
What is the tens digit of 1806?
0
What is the tens digit of 2978?
7
What is the ten thousands digit of 36269?
3
What is the thousands digit of 1538?
1
What is the thousands digit of 46324?
6
What is the hundreds digit of 17618?
6
What is the hundreds digit of 41116?
1
What is the tens digit of 3024?
2
What is the hundreds digit of 1155?
1
What is the hundreds digit of 4779?
7
What is the units digit of 44071?
1
What is the thousands digit of 7060?
7
What is the thousands digit of 1583?
1
What is the units digit of 646?
6
What is the ten thousands digit of 36283?
3
What is the tens digit of 3953?
5
What is the ten thousands digit of 22992?
2
What is the tens digit of 7413?
1
What is the ten thousands digit of 92747?
9
What is the hundreds digit of 9130?
1
What is the tens digit of 856?
5
What is the hundreds digit of 52521?
5
What is the units digit of 3845?
5
What is the hundreds digit of 69186?
1
What is the units digit of 379?
9
What is the tens digit of 38282?
8
What is the hundreds digit of 7322?
3
What is the hundreds digit of 735?
7
What is the hundreds digit of 1067?
0
What is the units digit of 1986?
6
What is the thousands digit of 32540?
2
What is the units digit of 532?
2
What is the thousands digit of 32036?
2
What is the hundreds digit of 8604?
6
What is the tens digit of 9144?
4
What is the units digit of 33974?
4
What is the tens digit of 1523?
2
What is the hundreds digit of 2274?
2
What is the units digit of 75140?
0
What is the tens digit of 762?
6
What is the thousands digit of 10716?
0
What is the thousands digit of 68452?
8
What is the thousands digit of 4109?
4
What is the units digit of 10779?
9
What is the hundreds digit of 2292?
2
What is the hundreds digit of 935?
9
What is the tens digit of 15496?
9
What is the ten thousands digit of 12021?
1
What is the thousands digit of 4975?
4
What is the units digit of 156?
6
What is the tens digit of 815?
1
What is the hundreds digit of 5363?
3
What is the tens digit of 683?
8
What is the tens digit of 3088?
8
What is the tens digit of 33965?
6
What is the hundreds digit of 7933?
9
What is the thousands digit of 16176?
6
What is the tens digit of 775?
7
What is the units digit of 48099?
9
What is the thousands digit of 2647?
2
What is the tens digit of 887?
8
What is the tens digit of 726?
2
What is the units digit of 43126?
6
What is the thousands digit of 31354?
1
What is the units digit of 3450?
0
What is the units digit of 1141?
1
What is the units digit of 8077?
7
What is the hundreds digit of 15916?
9
What is the hundreds digit of 3306?
3
What is the tens digit of 225?
2
What is the tens digit of 1429?
2
What is the hundreds digit of 7218?
2
What is the thousands digit of 29891?
9
What is the thousands digit of 89527?
9
What is the tens digit of 20281?
8
What is the hundreds digit of 7795?
7
What is the hundreds digit of 2478?
4
What is the tens digit of 7606?
0
What is the hundreds digit of 15538?
5
What is the hundreds digit of 16347?
3
What is the hundreds digit of 3512?
5
What is the tens digit of 8593?
9
What is the units digit of 2784?
4
What is the units digit of 25082?
2
What is the ten thousands digit of 56898?
5
What is the hundreds digit of 1289?
2
What is the tens digit of 90?
9
What is the tens digit of 948?
4
What is the thousands digit of 21453?
1
What is the hundreds digit of 43167?
1
What is the thousands digit of 8749?
8
What is the tens digit of 1925?
2
What is the units digit of 2112?
2
What is the units digit of 13931?
1
What is the thousands digit of 11573?
1
What is the tens digit of 29974?
7
What is the hundreds digit of 2310?
3
What is the units digit of 978?
8
What is the ten thousands digit of 29444?
2
What is the units digit of 3965?
5
What is the units digit of 18849?
9
What is the tens digit of 2925?
2
What is the thousands digit of 1837?
1
What is the hundreds digit of 882?
8
What is the hundreds digit of 3072?
0
What is the tens digit of 2424?
2
What is the tens digit of 10103?
0
What is the tens digit of 1371?
7
What is the units digit of 4138?
8
What is the tens digit of 111?
1
What is the units digit of 1875?
5
What is the thousands digit of 1934?
1
What is the thousands digit of 20408?
0
What is the hundreds digit of 6789?
7
What is the tens digit of 10998?
9
What is the ten thousands digit of 81156?
8
What is the units digit of 25318?
8
What is the thousands digit of 9284?
9
What is the hundreds digit of 596?
5
What is the tens digit of 111131?
3
What is the hundred thousands digit of 105993?
1
What is the hundreds digit of 1061?
0
What is the units digit of 13217?
7
What is the units digit of 90